, 31 = 5*p + 2*i. Suppose -p*a + 13*a = 16. Suppose 2*z = -2*j + 9 + 11, -a = 3*j - 5*z. What is the units digit of j?
6
Let c be 16 - (-8)/(-6 - -14). Suppose -c*h + 21*h = 4*x + 1744, 5*x = -3*h + 1332. What is the tens digit of h?
3
Suppose -24*z + 28*z - 4*p - 34384 = 0, p = -4*z + 34354. What is the units digit of z?
0
Suppose -2*l + 10 = 2*f + 3*l, 0 = -3*f - 5*l + 25. Suppose -9 = 3*b - f. Suppose 4*i = -b*i + 648. What is the units digit of i?
8
Let a = -163 + 167. Suppose -6*d + d = -5*n - 1430, -a*d = 3*n - 1165. What is the tens digit of d?
8
Suppose 0 = 3*n - 3*v - 1128, -4*v + 758 = -36*n + 38*n. Let o = 898 + n. What is the tens digit of o?
7
Suppose -45822 = -7*a - 7*a. What is the thousands digit of a?
3
Suppose -2*b = a - 0*b - 10, -a + 16 = 5*b. Let r(m) = 6*m**3 - 12*m**2 + 9*m - 3. Let x be r(a). Suppose -615 - x = -6*n. What is the tens digit of n?
5
Let n = -12128 + 45433. What is the hundreds digit of n?
3
Suppose 1377 = 61*h + 92*h. Suppose n - 6*n - 10 = 0. What is the hundreds digit of 1623/h - n/3?
1
Suppose 2*b - 5*a = 22610, -7*b - 2*a = -0*b - 79018. What is the hundreds digit of b?
2
Let p(f) = 128*f - 539. What is the hundreds digit of p(85)?
3
Suppose 19*t - 2*t - 56457 = 0. Suppose -t = 57*q - 60*q. What is the tens digit of q?
0
Let t(y) = 18*y**2 - 9*y - 5. Let u = 53 + -56. What is the hundreds digit of t(u)?
1
Suppose -l + 13*z + 55 = 14*z, l - 85 = 5*z. Suppose 3 = -h, h - 156 = 3*r - 0*r. Let a = l + r. What is the units digit of a?
7
Suppose 3*w = -i + 4680, -59*w = -58*w - 5*i - 1528. What is the tens digit of w?
5
Let q be (-642)/12 - 4/(-8). What is the hundreds digit of q/(-2)*14 - (3 + -1)?
3
Let w(x) = x**2 + 9*x - 4. Let r = 45 + -34. Let v be w(r). Suppose -17*o + 21*o = v. What is the units digit of o?
4
Suppose 4*d = -z + 279, -z + 281 = 4*d - 2*z. Suppose -d*v - 619 = -71*v. What is the hundreds digit of v?
6
Let y be (-7)/(-3) - 70/30. Suppose -4*h = -0*h - 3*v - 507, 2*v - 250 = -2*h. Suppose 6*a + y*a = h. What is the tens digit of a?
2
What is the ten thousands digit of (-336)/(-224)*(-259194)/(-9)?
4
Suppose -7*c = -2*c - 75. Suppose -5*p - 19 = -s, -2*p = -4*s + 37 - c. Let r(t) = 12*t**2 - 2*t - 6. What is the hundreds digit of r(p)?
1
Let z be (-2 - 0)/(6 + (-51380)/8561). Let t = z - 462. What is the units digit of t?
1
Suppose -4*x = -8*x + 2016. Suppose -3*k - 4*a + 998 = 0, 2*k - x = 4*a + 188. What is the hundreds digit of k?
3
Suppose 3*r + 8323 - 47191 = 2*d, 0 = 4*d + 24. What is the units digit of r?
2
Let b be 92/(-2) + (13 - 11 - 0). Let n = 1280 + b. What is the units digit of n?
6
Let f(r) = 3*r**3 - 20*r**2 + 9*r - 2. Let k be f(8). Suppose 0 = b - 252 - k. What is the tens digit of b?
7
Suppose -3*q - 2*q = 5*d - 355, 0 = 3*d + 5*q - 217. Let y(a) = a**3 + 8*a**2 - 8*a + 6. Let c be y(-4). Let k = c + d. What is the hundreds digit of k?
1
Suppose 3*f = 3, -2*x = -8*f + 3*f - 1821. What is the units digit of x?
3
Let d(k) = k**3 + 43*k**2 + 27*k - 653. What is the hundreds digit of d(-23)?
3
Let h be ((-63)/35 + (-4)/(-10))*-5. Let b = h + -51. What is the tens digit of 66/b*(-112)/3?
5
Suppose -774842 - 82366 = -66*w. What is the tens digit of w?
8
Let s be 10*(-4 - -8)/20. Suppose -x + 2892 = -4*n, 2*x - 4*x = -s*n - 5772. What is the units digit of x/42 + 4/(-6)?
8
Let c(m) = 5*m**2 + 2*m + 12. Suppose 0 = -0*o + 4*o - 3*u - 88, 2*o - 5*u = 44. Suppose 0 = -5*b + 15, -5*b + 5 = 2*r - o. What is the units digit of c(r)?
4
Suppose 0 = 617*r - 609*r. Suppose -1584 - 1694 = -4*s + 2*d, r = -4*s - 4*d + 3260. What is the hundreds digit of s?
8
Suppose -11*x + 13*x = 84. Suppose 43*f - 2 = x*f. Suppose 9*i - 4*i = 3*a - 162, -2*i = f*a - 124. What is the units digit of a?
9
Suppose -2*a + 2*d + 9 = -1, 5 = 4*a + d. Suppose 5*k = g + 2730, -2*g - 2730 = -5*k + a*g. What is the hundreds digit of k?
5
Let n(o) = 5*o - 13. Let j be n(1). What is the units digit of 1748/9 + j/36?
4
Let d(y) be the first derivative of -y**4/4 + 14*y**3/3 + 5*y**2/2 + 16*y + 565. Let c = 2 + 12. What is the units digit of d(c)?
6
Let a(u) = 17*u + 48. Let f be a(-2). Suppose -f*y + 16*y = 812. What is the hundreds digit of y?
4
Suppose 32*g - 3612 = 29*g. Suppose f - g = -6*f. What is the tens digit of f?
7
Let j(w) = 4*w**2 + 4*w - 61. Let s be j(7). Let z = 182 + s. What is the units digit of z?
5
Suppose 7*g - 3*g = 3*t - 660, 2*g = 3*t - 654. Let l = t - 81. What is the units digit of l?
5
What is the ten thousands digit of 2/(-9) + (-26)/(-9) + 115908155/3795?
3
Suppose 0 = 46*s - 37*s - 3213. What is the units digit of s?
7
Suppose -18*x - 36 = -20*x. Suppose x*k + 1820 = 11*k. What is the tens digit of (38/(-4))/(26/k)?
9
Suppose -3*a + 22*a = 228. Suppose -a*v + 4*q + 3475 = -7*v, 2048 = 3*v + 5*q. What is the hundreds digit of v?
6
Let w be (-7 - (-6)/(-12))*4/(-5). Let g(o) = 19*o**2 - 16*o + 76. What is the hundreds digit of g(w)?
6
Let t be 11660/18 + -5 + 47/9. Suppose -t = 9*c - 11*c. What is the tens digit of c?
2
What is the units digit of 6904*(-3)/((-24)/50)?
0
Let d(z) = -3*z**3 + 8*z**2 + 7*z - 116. What is the thousands digit of d(-17)?
6
Let l = -21096 - -35945. What is the tens digit of l?
4
Suppose 0 = -4*p + 5*a + 71327, 4*p + 2*a - 45572 - 25762 = 0. What is the hundreds digit of p?
8
Suppose -2*r - 2*d + 43686 = 0, 0 = 3*r - 4*d - 36423 - 29071. What is the hundreds digit of r?
8
Let z be ((-4)/(-6))/((-4)/(-6))*-25. Let i = -25 - z. Suppose -2*c = u - 225, c = -i*c - 3*u + 110. What is the hundreds digit of c?
1
Let j be ((-13)/13)/((-1)/93*27/45). Let n(i) = -5*i**2 - 3*i. Let z be n(-4). Let h = z + j. What is the units digit of h?
7
Let o(y) = -36*y + 17. Let j(c) = 38*c - 19. Let g(i) = -5*j(i) - 6*o(i). What is the hundreds digit of g(10)?
2
Suppose 39*a + 6498 - 181919 = 158731. What is the tens digit of a?
6
Let a(f) = 27*f + 6. Let u be a(-2). Let h be ((-102)/8)/(2/u). Suppose -394 - h = -5*j. What is the units digit of j?
0
Let p be (-149577)/((-6)/2) + 5 + -4. What is the units digit of p/198 + -1 + 13/11?
2
Suppose -3*f = 12*f - 60. Suppose 4*h - f*w - 148 = 0, 5*h + 11 = 4*w + 191. What is the units digit of h?
2
Let q be 33*((-12)/9 + 4). Let u be 265/(-4) - 66/q. Let j = 123 + u. What is the tens digit of j?
5
Suppose 0 = 3*w + 6*m - m - 41121, -13721 = -w + 3*m. What is the thousands digit of w?
3
Let l(b) = 10*b**3 + 11*b - 3. Let i be 4/1*(0 + 1). What is the hundreds digit of l(i)?
6
Suppose 1775 = 3*g + 521. Let f = g - 211. Let a = f + -142. What is the tens digit of a?
6
Let x be -4*1/18 + (-616)/(-18). Suppose -33*k + 87 = -x*k. Let w = k + 168. What is the tens digit of w?
8
Let d = 462 + -457. Suppose -2*q + 4 = 0, d*m + 2*q - 1192 = q. What is the units digit of m?
8
Let b = 33036 - 28107. What is the hundreds digit of b?
9
Let y(a) = 10*a**2 + 6*a - 50. Let f(x) = 4*x - 51. Let i be f(15). What is the tens digit of y(i)?
1
Let a = -5130 + 46097. What is the thousands digit of a?
0
Let z = -6146 - -2727. Let y = z + 4922. What is the units digit of y?
3
Let a be ((-3)/6)/(60/24 + -2). Let k = 332 - 236. What is the units digit of 0 - k/(-2 + a)?
2
Let x = -20291 + 46705. What is the thousands digit of x?
6
Let m(r) = 723*r**2 + 301*r - 895. What is the units digit of m(3)?
5
What is the ten thousands digit of 2/(-9) - (-12 + (-1076496)/27 - 13)?
3
Let v be 14*((-6990)/35)/(-3). Suppose 3*w + w - 3*n - 747 = 0, 5*w - 2*n - v = 0. What is the tens digit of w?
8
Let y = 3941 + -2201. Suppose -11*s + 16*s + y = 0. What is the hundreds digit of (s/15)/(2/(-10))?
1
Let d(n) = 8*n**2 + 4*n + 1. Let u be d(-1). Suppose 4*k - 79 = u*t, -3*k + 2*k = 5*t + 99. Let x = 40 + t. What is the tens digit of x?
2
Let n(b) = 29*b + 19. Let l(w) = 19 - 25*w + 7*w + 48*w. Let g(k) = -5*l(k) + 4*n(k). What is the tens digit of g(-3)?
8
Let n(d) = 15 + 4*d - d - 2*d. Let u be n(13). What is the tens digit of u - ((-12)/(-4) + -1)?
2
Let v = 79 + -79. Suppose v = d + 8 - 34. Suppose q - d = 62. What is the tens digit of q?
8
Suppose -10106 = -9*l + 25336. What is the hundreds digit of l?
9
Let w(k) = 3*k + 10 + 17 - 2 - 4*k. Let u be w(-6). Suppose -2*a - u = -o + 2, a = 0. What is the units digit of o?
3
Let c(f) be the third derivative of 7*f**4/12 + f**3/3 + f